3*r - 4. Let t be v(-4). Suppose -d + t = -16. What is the remainder when 46 is divided by d?
14
Suppose 5*g + 0*m = 3*m + 44, -4*g - 2*m = -22. Suppose 0 = 4*z + z + 40. Let b = -4 - z. What is the remainder when g is divided by b?
3
Suppose 4*a + 220 = 5*k, 3*k - 132 = -4*a - 0*a. Let z = -23 + k. What is the remainder when z is divided by 6?
3
Suppose 4*d + 5 = z + 27, -d = -5. What is the remainder when z/5 - (-88)/20 is divided by 3?
1
Suppose 20*g - 782 = 418. What is the remainder when g is divided by 7?
4
Let q be (1 + 42)*(3 + -2). Suppose 5*d - 67 = q. Suppose 2*x - 142 = -3*n, -5*x - 3*n = -x - 272. What is the remainder when x is divided by d?
21
Let s = -5 - -9. Suppose -227 = s*x - 43. Let n = 72 + x. Calculate the remainder when n is divided by 9.
8
Suppose p + 5*v + 7 = 0, p - v = -0*p + 17. What is the remainder when p is divided by 4?
1
Suppose 5*s + 13 = 6*s. Suppose 2*a - s = 71. Calculate the remainder when a is divided by 22.
20
Suppose 2*k + 1 = -1. Let w be -6*(-2)/4*k. What is the remainder when -2*w/((-18)/(-51)) is divided by 10?
7
Let w be (-65)/(-25) - 6/10. Let p = 17 + w. What is the remainder when p is divided by 7?
5
Let l = -97 + 157. What is the remainder when l is divided by 21?
18
Suppose 4 = c + c + 5*f, -3*c - 4*f = -6. Suppose 4*v = c*v + 42. Calculate the remainder when 60 is divided by v.
18
Calculate the remainder when 30/(-40)*(-84)/9 is divided by 2/7 + (-26)/(-7).
3
Suppose 0 = 4*a + 3*i - 36, 2*a - 4*i = -2*a + 64. What is the remainder when 2/(-3) - 14/(-3) is divided by 2/a - (-22)/12?
0
Suppose a - 2 = 3. Let v(f) = 2*f + 3. Let o be v(-3). Let c = o + 5. Calculate the remainder when a is divided by c.
1
Suppose y = -p + 3*y + 29, 5*y - 90 = -4*p. Suppose 5*l - p = -0*l. Suppose 5*o + 184 = 5*k - 116, l*o + 5 = 0. What is the remainder when k is divided by 20?
19
Suppose -5*a + a + 84 = 0. Let y = a + -10. Calculate the remainder when (8 - -2)*y/2 is divided by 19.
17
Let h(s) = s**3 - 10*s**2 + 28. Calculate the remainder when h(10) is divided by 10.
8
Suppose -2*i + 116 + 2 = 0. What is the remainder when i is divided by 15?
14
Suppose -2 = 2*g - 286. Calculate the remainder when g is divided by 48.
46
Let j = -57 + 92. What is the remainder when j is divided by 9?
8
Let q be (-4)/(-6) - (-260)/(-12). Let c = q - -41. What is the remainder when 57 is divided by c?
17
Suppose 3*u - 2*u = 6. Suppose -2*l = -u*l + 200. What is the remainder when l is divided by 17?
16
Suppose q - 148 = -q. Suppose -48*p = -59*p + 418. What is the remainder when q is divided by p?
36
Let h(t) = t - 3. Let f be h(8). Let k = f + 5. Suppose 2 = -5*o + 32. Calculate the remainder when k is divided by o.
4
Calculate the remainder when (-2178)/(-21) - (-4)/14 is divided by 35.
34
Let p(f) = -4 - 4 - f + f**2 - 5*f. Calculate the remainder when 54 is divided by p(9).
16
Let d(h) = h**3 - 2*h**2 - 8*h + 12. Calculate the remainder when d(5) is divided by 17.
13
Let d(o) = -o**3 - 4*o**2 - 4*o - 2. What is the remainder when d(-5) is divided by 15?
13
Let p = -22 + 10. Let c = p + 36. What is the remainder when 70 is divided by c?
22
Let d = 25 - 17. Let s = -5 - -10. Calculate the remainder when d is divided by s.
3
Let v = 186 + -47. Calculate the remainder when v is divided by 35.
34
Let n(w) = -w - 6. Let z be n(-4). Let b = 15 + z. Calculate the remainder when -4 + (-320)/(-24)*3 is divided by b.
10
Suppose 5*k - 5*b - 175 = 0, -4*k + 5*b + 145 = 2*b. Calculate the remainder when k is divided by 11.
7
Let p(v) = v**3 - 6*v**2 + 6*v - 1. Let c be p(5). Suppose -c*y + 14 = -42. Let x(m) = -6*m + 3. Calculate the remainder when x(-4) is divided by y.
13
Suppose -3*t + 16*t = 143. Calculate the remainder when 28 is divided by t.
6
Let q(s) = -s**2 + 13*s + 8. What is the remainder when 37 is divided by q(12)?
17
Let m = 31 + -23. Calculate the remainder when m is divided by 6.
2
Suppose o + 4*f = 12, 3*f = 2*o - f - 24. What is the remainder when 21 is divided by o?
9
Suppose 2*x - 62 = 20. Calculate the remainder when x is divided by 14.
13
Calculate the remainder when (-1)/(-4) + 1323/36 is divided by 19.
18
Suppose -4*q + 26 = h + q, -10 = -5*h + 5*q. Let r(a) = 4 - 3*a - a**3 - 6*a**2 - h + 2*a. What is the remainder when r(-6) is divided by 3?
1
Suppose 35 = 34*q - 33*q. Suppose 0 = -4*u + 24 + 24. Calculate the remainder when q is divided by u.
11
Suppose 0 = 4*c - 6 - 10. Let l = -158 - -369. Suppose l = c*g + 27. Calculate the remainder when g is divided by 16.
14
Suppose -2*m + 195 - 49 = 0. What is the remainder when m is divided by 26?
21
Let f(a) = -a**3 - 8*a**2 + 2*a - 46. Calculate the remainder when f(-9) is divided by 8.
1
Suppose 4*f + 0*f - 108 = 0. Suppose 2*v + 2*v + 2*n - 26 = 0, 5*v - 30 = -5*n. Calculate the remainder when f is divided by v.
6
Let y(f) = f**2 - f + 28. What is the remainder when 55 is divided by y(0)?
27
Let v = 65 - 137. Let r = -41 - v. What is the remainder when r is divided by 16?
15
Suppose 5*n = 29 + 166. Calculate the remainder when n is divided by 7.
4
Suppose -2*z + 3 = -3*z. What is the remainder when (-3)/2*28/z is divided by 5?
4
Suppose 2*h + 2*q - 14 = h, 5*h + 5*q = 70. What is the remainder when (66 - -1)/((-5)/(-5)) is divided by h?
11
Let q = 15 - 5. Let o be 8/12 - (-40)/(-6). Let x = q + o. What is the remainder when 7 is divided by x?
3
Suppose 0 = y - 2*y - 5. Let p(j) be the second derivative of j**4/12 + 2*j**3/3 + 5*j**2/2 + 5*j. Calculate the remainder when 18 is divided by p(y).
8
Let h = 30 + -12. Let s = 2 + h. Calculate the remainder when s is divided by 7.
6
Suppose 7*s = 6*s + 153. Calculate the remainder when s is divided by 39.
36
Suppose -2*t = -7*t + 250. Calculate the remainder when t is divided by 13.
11
Let j = 45 + 11. Calculate the remainder when j is divided by 22.
12
Suppose 15*a - 4*a = 693. What is the remainder when a is divided by 23?
17
Suppose -4*i + 9*i - 25 = 0. Suppose -26 + 169 = 11*h. Calculate the remainder when h is divided by i.
3
Suppose f + 40 = 3*f. Suppose -4*c - 2*j + 41 = -3*j, -f = 4*j. Calculate the remainder when c is divided by 6.
3
Suppose -2*g + 29 = 3*l, 6*l - 14 = 5*l - 5*g. Suppose -4*n + 9 = -0*w - 3*w, 0 = -5*n - w + 35. What is the remainder when l is divided by n?
3
Suppose 3*h - 58 = -2*d, -5*d + 3*h = 8*h - 140. Suppose -63 = -5*s - 2*s. What is the remainder when d is divided by s?
8
Let o = 44 - 38. Calculate the remainder when 12 is divided by o.
0
Let d(r) = 14*r**3 - 4*r**2 - 9*r + 14. Let a(c) = -5*c**3 + c**2 + 3*c - 5. Let t(k) = -17*a(k) - 6*d(k). Calculate the remainder when 36 is divided by t(-6).
17
Let q(y) = -y + 6. Suppose 2*t - 5*n = 2 + 11, -5*n + 5 = 0. Suppose 0 = 5*r - 29 + t. What is the remainder when q(-5) is divided by r?
3
Let q be -2 - 1 - (4 - 3). What is the remainder when (-125)/q - 3/12 is divided by 17?
14
Let p = 19 + 3. Calculate the remainder when 43 is divided by p.
21
Let s be 3/12 - 22/(-8). Let i be 2/s - 70/(-3). Suppose n - i = -2*n. What is the remainder when 15 is divided by n?
7
Suppose 2*f + 45 = 5*f. What is the remainder when f is divided by 3?
0
Let g = -2 + 8. Let u be ((-6)/2)/(g/(-4)). Calculate the remainder when 13 is divided by 2 + (-6)/u + 6.
3
Suppose 3*s - 4 = 5*g, 0*s - 2*s = 3*g - 9. Let n(y) = 35*y. Calculate the remainder when n(g) is divided by -2*(-6)/(-4) - -15.
11
Let r = -50 - -63. Suppose 2*z = 69 - 19. What is the remainder when z is divided by r?
12
Let z = 5 + -3. Suppose -6 = 2*d, 0*d - 89 = -z*p - 5*d. Calculate the remainder when p is divided by 18.
16
Suppose j - 210 = -5*j. What is the remainder when j is divided by 12?
11
Suppose 7*u - 3*u - 16 = 0. What is the remainder when (-1)/3 + (-776)/(-24) is divided by 2*(-2)/u + 12?
10
Let v(l) = -l + 0*l - 1 - 2. Let a = 0 - 6. Calculate the remainder when v(a) is divided by 2.
1
Let u be (-3)/30*-4*10. Let l = 2 + u. What is the remainder when 16 is divided by l?
4
Let c = 21 - 17. Calculate the remainder when (-1 - 6)*(-3 - -1) is divided by c.
2
Suppose -105 = -4*t + t. What is the remainder when t is divided by (-3)/(-3)*13 + 4/(-4)?
11
Suppose 2*m = d + 1 - 6, 25 = 5*d. Suppose 2*v = -10, -v + 210 = 5*h - m*v. Calculate the remainder when h is divided by 22.
21
Let h be (0 + 